{"id":70,"date":"2026-04-09T13:01:47","date_gmt":"2026-04-09T11:01:47","guid":{"rendered":"https:\/\/powerupumk.cm.umk.pl\/?page_id=70"},"modified":"2026-05-12T14:16:29","modified_gmt":"2026-05-12T12:16:29","slug":"modul-2-szkolenia-podstawowe","status":"publish","type":"page","link":"https:\/\/powerupumk.cm.umk.pl\/?page_id=70","title":{"rendered":"MODU\u0141 2 &#8211; Szkolenia podstawowe"},"content":{"rendered":"\n<p>Szkolenia planowane do realizacji w ramach modu\u0142u:<\/p>\n\n\n\n<ul class=\"wp-block-list\">\n<li>Zarz\u0105dzanie wiedz\u0105 w organizacji akademickiej, <\/li>\n\n\n\n<li>Zarz\u0105dzanie informacj\u0105 w organizacji akademickiej,<\/li>\n\n\n\n<li>Narz\u0119dzia optymalizuj\u0105ce prac\u0119 kultury organizacyjnej lean (poke-joke, 5S, kaizen), <\/li>\n\n\n\n<li>Szkolenia z j\u0119zyka angielskiego,<\/li>\n\n\n\n\n\n<li>Obs\u0142uga podstawowego oprogramowania biurowego MS OFFICE oraz wykorzystanie AI (copilot) w pracy administracyjnej, <\/li>\n\n\n\n<li>Umiej\u0119tno\u015bci komunikacyjne i wyra\u017canie emocji, <\/li>\n\n\n\n<li>Kreatywne my\u015blenie w pracy, <\/li>\n\n\n\n<li>Radzenie sobie ze stresem, <\/li>\n\n\n\n<li>Budowanie trwa\u0142ych relacji pracowniczych.<\/li>\n<\/ul>\n\n\n\n<p>Dla wszystkich uczestnik\u00f3w OBOWI\u0104ZKOWA jest realizacja 2 szkole\u0144.<br>Oferowane szkolenia stacjonarne w ramach Modu\u0142u 2. obejmuj\u0105 1 dzie\u0144 (8 jednostek szkoleniowych) z wyj\u0105tkiem j\u0119zyka angielskiego, kt\u00f3ry obejmuje 60 jednostek szkoleniowych (zaj\u0119cia z native speakerem na r\u00f3\u017cnych poziomach zaawansowania).<\/p>\n\n\n\n<p><br>Daty i miejsca szkole\u0144 zostan\u0105 podane w terminie p\u00f3\u017aniejszym. Planuje si\u0119 realizacj\u0119 do 30.06.2027 roku.<\/p>\n\n\n\n<p><\/p>\n\n\n\n<div style=\"height:100px\" aria-hidden=\"true\" class=\"wp-block-spacer\"><\/div>\n\n\n\n<div class=\"wp-block-columns is-layout-flex wp-container-core-columns-is-layout-28f84493 wp-block-columns-is-layout-flex\">\n<div class=\"wp-block-column is-layout-flow wp-block-column-is-layout-flow\"><\/div>\n\n\n<\/div>\n\n\n\n<p>#FunduszeUE #FunduszeEuropejskie<\/p>\n\n\n\n<p><\/p>\n","protected":false},"excerpt":{"rendered":"<p>Szkolenia planowane do realizacji w ramach modu\u0142u: Dla wszystkich uczestnik\u00f3w OBOWI\u0104ZKOWA jest realizacja 2 szkole\u0144.Oferowane szkolenia stacjonarne w ramach Modu\u0142u 2. obejmuj\u0105 1 dzie\u0144 (8 jednostek szkoleniowych) z wyj\u0105tkiem j\u0119zyka angielskiego, kt\u00f3ry obejmuje 60 jednostek szkoleniowych (zaj\u0119cia z native speakerem na r\u00f3\u017cnych poziomach zaawansowania). Daty i miejsca szkole\u0144 zostan\u0105 podane w terminie p\u00f3\u017aniejszym. Planuje si\u0119 [&hellip;]<\/p>\n","protected":false},"author":1,"featured_media":0,"parent":0,"menu_order":0,"comment_status":"closed","ping_status":"closed","template":"","meta":{"footnotes":""},"class_list":["post-70","page","type-page","status-publish","hentry"],"_links":{"self":[{"href":"https:\/\/powerupumk.cm.umk.pl\/index.php?rest_route=\/wp\/v2\/pages\/70","targetHints":{"allow":["GET"]}}],"collection":[{"href":"https:\/\/powerupumk.cm.umk.pl\/index.php?rest_route=\/wp\/v2\/pages"}],"about":[{"href":"https:\/\/powerupumk.cm.umk.pl\/index.php?rest_route=\/wp\/v2\/types\/page"}],"author":[{"embeddable":true,"href":"https:\/\/powerupumk.cm.umk.pl\/index.php?rest_route=\/wp\/v2\/users\/1"}],"replies":[{"embeddable":true,"href":"https:\/\/powerupumk.cm.umk.pl\/index.php?rest_route=%2Fwp%2Fv2%2Fcomments&post=70"}],"version-history":[{"count":12,"href":"https:\/\/powerupumk.cm.umk.pl\/index.php?rest_route=\/wp\/v2\/pages\/70\/revisions"}],"predecessor-version":[{"id":606,"href":"https:\/\/powerupumk.cm.umk.pl\/index.php?rest_route=\/wp\/v2\/pages\/70\/revisions\/606"}],"wp:attachment":[{"href":"https:\/\/powerupumk.cm.umk.pl\/index.php?rest_route=%2Fwp%2Fv2%2Fmedia&parent=70"}],"curies":[{"name":"wp","href":"https:\/\/api.w.org\/{rel}","templated":true}]}}